a0
In base 13, what is 1b + 5?
23
In base 8, what is -32 + -4?
-36
In base 13, what is 5b - 12?
49
In base 2, what is -1010 - 11011100?
-11100110
In base 13, what is -8ac - -4?
-8a8
In base 9, what is -112 + 7?
-104
In base 7, what is 2 - 15161?
-15156
In base 5, what is -3 - 100124?
-100132
In base 7, what is 24 + 6?
33
In base 13, what is 8b + -23?
68
In base 12, what is -4 + -89?
-91
In base 11, what is a903 + 3?
a906
In base 11, what is -5 + 0?
-5
In base 11, what is -5 + 49?
44
In base 6, what is -34 - 34?
-112
In base 3, what is -101 + -10022?
-10200
In base 10, what is 159 + -5?
154
In base 3, what is -21120 - 1021?
-22211
In base 5, what is 120 - -21?
141
In base 6, what is -50303 - 2?
-50305
In base 13, what is -1 - 9?
-a
In base 11, what is 1 + -63?
-62
In base 12, what is -8 - -7?
-1
In base 8, what is -11 - -123?
112
In base 12, what is 1a1 - -4?
1a5
In base 6, what is -3552 + 22?
-3530
In base 8, what is 145 + 11?
156
In base 11, what is -4 - -1037?
1033
In base 14, what is -2 + a1d?
a1b
In base 9, what is -151 + -23?
-174
In base 4, what is 0 + -10301?
-10301
In base 3, what is 0 - 222210?
-222210
In base 15, what is -2 + 24b?
249
In base 16, what is 7c + 4?
80
In base 9, what is 3176 - 2?
3174
In base 4, what is -1320 - 1?
-1321
In base 6, what is 121 - 10?
111
In base 15, what is b56 + 5?
b5b
In base 7, what is -421 + 4?
-414
In base 8, what is -1 + -1250?
-1251
In base 13, what is -5 - 166?
-16b
In base 12, what is -4 + -486?
-48a
In base 3, what is -102 - -1220?
1111
In base 6, what is 13 + -2442?
-2425
In base 4, what is -12320 + 33?
-12221
In base 10, what is -34 - 485?
-519
In base 13, what is 8 + -1b92?
-1b87
In base 4, what is -2 + 1102?
1100
In base 14, what is -3 - -c?
9
In base 8, what is -56 + -4?
-62
In base 12, what is 535 + 0?
535
In base 3, what is 12 + 10222122?
10222211
In base 12, what is -82 + -13?
-95
In base 6, what is 202 - 5?
153
In base 13, what is -279 - -4?
-275
In base 6, what is 2042 - -10?
2052
In base 13, what is 4 - -5c?
63
In base 12, what is 3 + -179?
-176
In base 16, what is -68 - 3?
-6b
In base 11, what is -100 - -3?
-a8
In base 10, what is 3 - 32?
-29
In base 9, what is 8 - 11?
-2
In base 16, what is 2d6 + -7?
2cf
In base 11, what is -864 + 0?
-864
In base 8, what is -51 - -71?
20
In base 16, what is 4bf0 - -2?
4bf2
In base 6, what is 1300 + 5?
1305
In base 8, what is 3 + 34?
37
In base 2, what is 101110 + -111001000?
-110011010
In base 15, what is 9 + -10?
-6
In base 5, what is 1310 + -3?
1302
In base 6, what is -4 + -40325?
-40333
In base 13, what is -4 - -133?
12c
In base 13, what is 664 - -5?
669
In base 4, what is -2 + 132110?
132102
In base 8, what is -5 - -1227?
1222
In base 6, what is 1514 - -24?
1542
In base 3, what is -10222111 - 11?
-10222122
In base 16, what is 5 - 52?
-4d
In base 5, what is 143312 + 0?
143312
In base 2, what is 11100 - 100001000?
-11101100
In base 9, what is -23 - -163?
140
In base 6, what is -10 - 10?
-20
In base 6, what is -4 - -132?
124
In base 9, what is 4 - 13?
-8
In base 15, what is a3 - -13?
b6
In base 16, what is a - -68?
72
In base 11, what is 566 - -9?
574
In base 4, what is 3012 + -3?
3003
In base 15, what is 7 + -d2?
-ca
In base 3, what is 22 - -1102212?
1110011
In base 8, what is 3 + 13?
16
In base 2, what is -1100 - -100111001?
100101101
In base 10, what is 786 - 1?
785
In base 14, what is 251 + -2?
24d
In base 9, what is -7 + 41?
33
In base 2, what is 11001100 - 0?
11001100
In base 12, what is -1570 + 3?
-1569
In base 13, what is 20a + 1?
20b
In base 9, what is 43 - -10?
53
In base 8, what is -43 - -230?
165
In base 12, what is -9 + -20a?
-217
In base 14, what is 19 + 2?
1b
In base 11, what is 0 - 130?
-130
In base 8, what is -6 + -413?
-421
In base 5, what is 1 + -1214?
-1213
In base 5, what is 232334 - 10?
232324
In base 2, what is -101011 + -100?
-101111
In base 14, what is 1a4 + 1?
1a5
In base 5, what is -2131 + 10?
-2121
In base 2, what is 1000110111101 + 11?
1000111000000
In base 15, what is 35 + 0?
35
In base 13, what is -4 + 9c0?
9b9
In base 14, what is 21a + 3?
21d
In base 4, what is -10 - -102322?
102312
In base 3, what is 2102 - -22?
2201
In base 9, what is -37 - 12?
-50
In base 13, what is -190 - 0?
-190
In base 10, what is -2432 + 0?
-2432
In base 8, what is -247 - -2?
-245
In base 5, what is 1 - 11001?
-11000
In base 7, what is -16 - 16?
-35
In base 11, what is -5 + -a4?
-a9
In base 7, what is 10366 + -3?
10363
In base 9, what is -30 - -4?
-25
In base 10, what is -996 - 4?
-1000
In base 16, what is 2 + -91?
-8f
In base 9, what is 1 - 728?
-727
In base 13, what is 3 - -36?
39
In base 11, what is -5 - -38?
33
In base 7, what is -40164 + 4?
-40160
In base 12, what is -3 - -130?
129
In base 5, what is -2 - -1141?
1134
In base 14, what is 1c3 - -2?
1c5
In base 15, what is 4 - -33?
37
In base 11, what is 1891 - 2?
188a
In base 13, what is 1c488 + -1?
1c487
In base 9, what is -8 + -2570?
-2578
In base 9, what is 256 - 2?
254
In base 9, what is 2 + 46?
48
In base 12, what is -4 - -14?
10
In base 3, what is -2 + -1022?
-1101
In base 14, what is -1a + 1?
-19
In base 16, what is ae4 - 0?
ae4
In base 10, what is -397 - 0?
-397
In base 9, what is -221 - -18?
-202
In base 12, what is -11 - 9?
-1a
In base 16, what is b + -44f?
-444
In base 6, what is 3 - -124?
131
In base 15, what is 109 - -5?
10e
In base 5, what is 11 + 4?
20
In base 10, what is 5 - -2037?
2042
In base 4, what is 3 - -21101?
21110
In base 5, what is 14 - 3?
11
In base 2, what is -1001100001 + 100?
-1001011101
In base 7, what is 10341 - -2?
10343
In base 16, what is -1b8 - -1?
-1b7
In base 8, what is 11 - 172?
-161
In base 12, what is -5 + 353?
34a
In base 5, what is -21 - -144?
123
In base 8, what is 2 - -1661?
1663
In base 9, what is 2 + -122?
-120
In base 7, what is 4063 + -3?
4060
In base 15, what is -3 - 17?
-1a
In base 10, what is -14 + -259?
-273
In base 16, what is -5 - 5?
-a
In base 8, what is 132 + -1?
131
In base 8, what is -6 - 174?
-202
In base 9, what is 16 - 5?
11
In base 12, what is 37 + 5?
40
In base 7, what is 5 + 10610?
10615
In base 4, what is 2 - -12230?
12232
In base 11, what is 6 - 245?
-23a
In base 13, what is 5 - 267?
-262
In base 16, what is 6 + 7?
d
In base 10, what is 46 + 95?
141
In base 13, what is 35 + 5?
3a
In base 8, what is -12 + -1636?
-1650
In base 13, what is -1b + 17?
-4
In base 6, what is 1153 + 23?
1220
In base 16, what is 0 + -19?
-19
In base 2, what is 0 + -100101010?
-100101010
In base 4, what is -11 - 33102?
-33113
In base 3, what is 2202 + -12?
2120
In base 12, what is -4b + -35?
-84
In base 14, what is -b7 + -68?
-141
In base 16, what is 7a + 3?
7d
In base 3, what is 2010222 - -2?
2011001
In base 7, what is 5313 - -4?
5320
In base 5, what is -11430 - 0?
-11430
In base 4, what is 1121 + 312?
2033
In base 11, what is -86 - -3a?
-47
In base 2, what is 1011 - -101001111?
101011010
In base 15, what is -31 - -8d?
5c
In base 8, what is 7 + 215?
224
In base 12, what is 193 + 3?
196
In base 6, what is 3 - -5412?
5415
In base 12, what is 20a + 13?
221
In base 11, what is -519 + -3?
-521
In base 14, what is -4 - 230?
-234
In base 13, what is 120 + -1a?
103
In base 7, what is 3 + 1666?
2002
In base 5, what is -1 - 13?
-14
In base 7, what is -36 + 20?
-16
In base 16, what is 3b4 - f?
3a5
In base 5, what is 0 + 1?
1
In base 5, what is -2 - 1403?
-1410
In base 6, what is 12002 - -4?
12010
In base 4, what is -1033132 - 0?
-1033132
In base 14, what is -7 + -4c?
-55
In base 4, what is -10233323 - 1?
-10233330
In base 16, what is 0 + 4a?
4a
In base 5, what is -1313 - 2?
-1320
In base 10, what is 62 + 6?
68
In base 2, what is 111 - -1?
1000
In base 15, what is 2adc - 0?
2adc
In base 9, what is -33 - -126?
83
In base 16, what is 0 + -7a7?
-7a7
In base 14, what is 8 - 6a3?
-699
In base 6, what is -422501 - 4?
-422505
In base 7, what is -14014 + -3?
-14020
In base 8, what is 4252 + 5?
4257
In base 6, what is 2542 + -2?
2540
In base 14, what is -421 + -4?
-425
In base 3, what is -2 - -12100?
12021
In base 11, what is 46a + -5?
465
In base 3, what is 100 - 1022111?
-1022011
In base 6, what is -412 - 4?
-420
In base 9, what is -630 - 8?
-638
In base 4, what is 1301 + -122?
1113
In base 10, what is -50 - 64?
-114
In base 7, what is 10304 + 0?
10304
In base 5,